isor of 8034 and 178448118?
618
What is the greatest common factor of 4596680 and 1166?
22
Calculate the greatest common factor of 1261288568 and 248.
248
What is the greatest common divisor of 16675 and 288724?
29
What is the highest common divisor of 257339233 and 82381?
6337
What is the highest common divisor of 3672204 and 91086?
4794
Calculate the greatest common divisor of 79 and 13794348.
79
Calculate the greatest common factor of 7510 and 5180.
10
Calculate the greatest common factor of 79071 and 10.
1
Calculate the highest common divisor of 35885903 and 1374.
229
Calculate the greatest common factor of 35530 and 3233876.
646
Calculate the highest common factor of 941363 and 94.
47
Calculate the greatest common factor of 1210 and 1565390.
10
Calculate the highest common divisor of 296496 and 1393943.
2059
Calculate the highest common factor of 561895 and 10438875.
5155
What is the highest common divisor of 6610428 and 1881?
99
What is the greatest common factor of 1629 and 6260247?
1629
What is the greatest common factor of 2116 and 8126498?
1058
Calculate the greatest common divisor of 70380252 and 324.
324
What is the highest common divisor of 177854841 and 3204?
801
What is the greatest common divisor of 978545 and 5?
5
Calculate the greatest common factor of 4 and 190918130.
2
Calculate the highest common factor of 347048553 and 2076.
519
What is the greatest common divisor of 11708982 and 216?
54
Calculate the greatest common divisor of 3328362 and 4768.
298
What is the greatest common factor of 91143 and 4018?
41
What is the greatest common divisor of 201645612 and 28?
28
What is the greatest common factor of 56260 and 3140?
20
What is the greatest common divisor of 165071 and 529713?
23
Calculate the highest common factor of 4510 and 53570.
110
What is the greatest common factor of 650480 and 3384?
376
Calculate the highest common divisor of 5004898 and 132710.
1154
What is the highest common factor of 3820492 and 260?
52
What is the highest common factor of 492 and 29451858?
246
What is the highest common factor of 935529198 and 1362?
1362
Calculate the greatest common factor of 66030006 and 714.
714
Calculate the highest common factor of 10560 and 135936.
192
Calculate the highest common factor of 44 and 2334585.
11
Calculate the greatest common factor of 57036 and 5779260.
1164
Calculate the greatest common factor of 334378111 and 4999.
4999
Calculate the greatest common divisor of 24315290 and 148.
74
What is the greatest common divisor of 7984782 and 702?
234
Calculate the greatest common divisor of 5910 and 3585830445.
2955
Calculate the highest common factor of 21 and 53837343.
21
What is the greatest common factor of 12425285 and 114560?
895
What is the greatest common divisor of 5760 and 2449080?
360
Calculate the highest common divisor of 13885494 and 63.
21
What is the greatest common factor of 320 and 15053480?
40
What is the greatest common divisor of 365792 and 1442?
14
What is the greatest common factor of 1365121036 and 4?
4
What is the greatest common divisor of 24338 and 624790?
86
Calculate the greatest common divisor of 226626 and 58422.
642
Calculate the highest common divisor of 129 and 117725787.
129
What is the highest common divisor of 59442872 and 1736?
248
Calculate the highest common divisor of 12954344 and 312.
104
What is the greatest common divisor of 1178490 and 945?
15
Calculate the highest common factor of 7624776 and 727.
727
Calculate the highest common divisor of 1412964 and 1026.
54
What is the greatest common divisor of 314 and 209606?
2
What is the highest common divisor of 102952 and 15368?
136
Calculate the greatest common factor of 68985 and 27470205.
945
What is the greatest common divisor of 1112 and 311584?
8
What is the highest common divisor of 508964 and 612?
4
What is the highest common factor of 147 and 1005529?
49
What is the greatest common divisor of 408921780 and 222?
222
What is the highest common factor of 36484 and 195965988?
5212
What is the greatest common factor of 539 and 25333000?
539
What is the greatest common factor of 1350 and 6058068?
6
Calculate the highest common factor of 49 and 26612.
1
What is the highest common factor of 11538231 and 372?
93
Calculate the greatest common divisor of 3755483 and 52345.
361
What is the greatest common factor of 8357216 and 70?
14
What is the highest common divisor of 9858450 and 84959?
1603
What is the highest common divisor of 39822038 and 1192?
298
Calculate the highest common factor of 433698 and 697.
41
What is the highest common factor of 2027072 and 247?
19
Calculate the greatest common divisor of 4298 and 179942.
14
Calculate the highest common factor of 41804004 and 44.
44
What is the greatest common factor of 4884 and 28755771?
1221
What is the greatest common divisor of 10 and 12001570?
10
What is the greatest common divisor of 231 and 416592?
33
Calculate the greatest common divisor of 5322 and 101583675.
2661
Calculate the greatest common factor of 12179669 and 664.
83
What is the highest common factor of 27 and 257809320?
9
What is the highest common divisor of 84 and 2431828?
28
Calculate the greatest common divisor of 52 and 1165229.
13
Calculate the greatest common divisor of 208610 and 630.
10
Calculate the greatest common factor of 177 and 851252.
59
Calculate the greatest common divisor of 7733388 and 1602.
534
What is the highest common divisor of 6000 and 401342000?
2000
What is the greatest common divisor of 10368 and 44316?
36
What is the highest common factor of 5177 and 1339740299?
5177
What is the highest common divisor of 4067 and 14515621?
83
Calculate the greatest common divisor of 693 and 141449.
77
What is the highest common divisor of 2989159 and 3765?
251
What is the greatest common divisor of 678 and 2987494?
226
What is the greatest common factor of 259 and 1462462?
37
Calculate the highest common divisor of 56644 and 2052806.
98
Calculate the highest common divisor of 9480 and 234880.
40
Calculate the highest common divisor of 23 and 394568381.
23
Calculate the highest common factor of 4340 and 337596.
28
Calculate the highest common factor of 78240651 and 2698.
1349
Calculate the highest common factor of 1550979 and 90.
9
What is the highest common divisor of 3450875 and 61750?
2375
What is the highest common factor of 6103162 and 927?
103
What is the greatest common factor of 18744 and 3523020?
852
What is the greatest common factor of 468 and 373412?
52
What is the greatest common divisor of 910493 and 86163?
373
Calculate the greatest common factor of 59 and 16376453.
59
What is the highest common divisor of 1774171744 and 7453?
7453
What is the highest common factor of 1460000 and 1752?
584
Calculate the highest common divisor of 17841894 and 2562.
42
What is the highest common factor of 422 and 78685276?
422
Calculate the greatest common divisor of 451384941 and 1113.
1113
What is the highest common factor of 453 and 297042066?
453
What is the greatest common factor of 200 and 362970350?
50
What is the highest common divisor of 22412 and 6787388?
1724
Calculate the highest common factor of 202986 and 1069362.
1134
Calculate the highest common divisor of 1414 and 17079468.
14
What is the greatest common divisor of 3852 and 26372718?
1926
Calculate the highest common factor of 2702 and 8091718.
386
What is the highest common divisor of 17985 and 280434?
33
Calculate the highest common factor of 8 and 2923269896.
8
Calculate the highest common factor of 83703038 and 62.
62
What is the greatest common factor of 14627540 and 2300?
460
What is the highest common factor of 32516 and 927256?
44
What is the greatest common divisor of 674368 and 72?
8
What is the greatest common factor of 1246858615 and 292?
73
What is the highest common factor of 43958 and 3173484?
1418
What is the highest common divisor of 1827601 and 50911?
1039
Calculate the greatest common divisor of 1714637 and 160540.
349
Calculate the greatest common divisor of 8271597 and 6.
3
What is the highest common divisor of 577024 and 374164?
4508
What is the greatest common divisor of 36278 and 658339?
1067
What is the greatest common divisor of 9226143 and 81?
81
What is the greatest common factor of 3253060137 and 2157?
